r of 9 and 41922?
9
Calculate the greatest common factor of 135 and 11145.
15
What is the highest common divisor of 75141 and 21384?
297
Calculate the greatest common divisor of 28251 and 11997.
387
What is the greatest common divisor of 169 and 18213?
13
Calculate the highest common divisor of 33 and 532048.
11
Calculate the greatest common divisor of 940 and 23960.
20
Calculate the greatest common factor of 7524 and 132.
132
Calculate the highest common factor of 243 and 255123.
27
What is the greatest common divisor of 1769544 and 168?
168
Calculate the highest common divisor of 138 and 703662.
138
What is the highest common factor of 52 and 116964?
4
What is the greatest common divisor of 1900 and 22116?
76
Calculate the greatest common factor of 70908 and 2052.
228
What is the highest common factor of 229 and 14?
1
What is the greatest common factor of 30 and 8710?
10
What is the highest common factor of 1622 and 139?
1
Calculate the greatest common divisor of 2072 and 1512.
56
Calculate the highest common factor of 102 and 280262.
34
What is the greatest common divisor of 399609 and 252?
63
Calculate the greatest common divisor of 891 and 2841399.
891
What is the greatest common divisor of 5060 and 572?
44
What is the greatest common factor of 27 and 695547?
27
Calculate the highest common factor of 6 and 89896.
2
Calculate the highest common factor of 59 and 289867.
59
Calculate the greatest common factor of 1147 and 6364.
37
Calculate the highest common factor of 814613 and 59.
59
What is the greatest common factor of 1884743 and 266?
133
What is the highest common factor of 75 and 1059?
3
What is the greatest common divisor of 602 and 9562?
14
Calculate the greatest common divisor of 8468 and 7884.
292
Calculate the highest common factor of 15 and 13692765.
15
What is the greatest common factor of 12144 and 275?
11
Calculate the greatest common divisor of 2289 and 54609.
327
What is the greatest common factor of 126896 and 464?
16
What is the highest common divisor of 508 and 5404612?
508
What is the greatest common factor of 8260 and 3717?
413
Calculate the greatest common factor of 43815 and 4830.
345
Calculate the highest common divisor of 172276 and 364.
52
What is the greatest common factor of 218568 and 63?
21
What is the highest common divisor of 12540 and 20710?
190
Calculate the highest common divisor of 264 and 99132.
132
What is the highest common factor of 405 and 1060155?
135
Calculate the greatest common factor of 1793 and 21969629.
1793
What is the greatest common divisor of 442 and 7067801?
221
Calculate the greatest common factor of 4619 and 1519.
31
Calculate the greatest common factor of 4217565 and 165.
165
What is the highest common factor of 1376 and 6112?
32
What is the greatest common divisor of 420 and 294180?
60
What is the highest common divisor of 63 and 157158?
9
What is the highest common factor of 24252 and 602?
86
What is the highest common factor of 1252132 and 197?
197
Calculate the greatest common divisor of 52416 and 126.
126
What is the highest common divisor of 535268 and 684?
76
What is the greatest common divisor of 465946 and 130?
26
Calculate the highest common factor of 1972 and 1564.
68
What is the highest common divisor of 4052814 and 438?
438
What is the greatest common divisor of 2842 and 29638?
406
What is the highest common factor of 4041 and 1944?
9
What is the greatest common divisor of 6432 and 4832?
32
What is the highest common factor of 476 and 6477?
17
What is the highest common divisor of 89 and 61499?
89
What is the greatest common divisor of 2232 and 1044?
36
Calculate the greatest common divisor of 13021 and 128863.
449
Calculate the greatest common factor of 3843 and 22509.
549
What is the greatest common factor of 16 and 43276?
4
Calculate the greatest common factor of 858 and 20067762.
858
Calculate the highest common factor of 74137 and 6230.
623
What is the greatest common divisor of 88 and 69652?
44
What is the highest common divisor of 17460 and 660?
60
What is the highest common divisor of 4017 and 936?
39
Calculate the highest common factor of 12635 and 308.
7
Calculate the greatest common divisor of 11649 and 33.
33
Calculate the greatest common divisor of 3365 and 749722.
673
What is the greatest common factor of 18998 and 12036?
118
Calculate the greatest common factor of 33524 and 31501.
289
Calculate the greatest common factor of 8238325 and 75.
25
What is the highest common factor of 66 and 405?
3
What is the highest common factor of 470 and 12790?
10
Calculate the greatest common factor of 15050 and 1450.
50
What is the highest common factor of 532 and 1547360?
76
What is the greatest common factor of 10867805 and 65?
65
Calculate the highest common divisor of 18 and 60498.
18
Calculate the greatest common divisor of 133900 and 8125.
325
Calculate the highest common factor of 1509 and 244961.
503
What is the highest common factor of 286130 and 1118?
26
Calculate the greatest common divisor of 2024 and 583616.
88
What is the greatest common factor of 6948 and 12912?
12
What is the greatest common factor of 627 and 2318?
19
What is the greatest common factor of 48 and 350512?
16
What is the greatest common divisor of 16578 and 1674?
54
What is the highest common factor of 199 and 242183?
199
Calculate the highest common factor of 48071 and 106.
53
Calculate the highest common divisor of 836 and 241832.
76
Calculate the greatest common factor of 220731 and 91.
7
What is the greatest common divisor of 451257 and 5235?
1047
Calculate the greatest common divisor of 77672 and 2660.
532
Calculate the greatest common factor of 120 and 320820.
60
What is the highest common factor of 35710 and 1160?
10
Calculate the greatest common divisor of 12 and 227592.
12
Calculate the greatest common factor of 176 and 44752.
16
Calculate the greatest common factor of 61224 and 516.
12
Calculate the greatest common factor of 6489 and 446814.
927
Calculate the greatest common divisor of 1371375 and 1431.
477
Calculate the greatest common factor of 15 and 237615.
15
Calculate the greatest common divisor of 10770 and 1170.
30
Calculate the greatest common factor of 203949 and 5117.
731
What is the highest common divisor of 53408 and 192?
32
Calculate the greatest common factor of 343862 and 38.
38
What is the highest common factor of 14314 and 1530?
34
Calculate the highest common factor of 432 and 117.
9
Calculate the highest common divisor of 12104 and 77608.
712
Calculate the highest common divisor of 7472 and 196607.
467
Calculate the highest common divisor of 24000 and 286500.
1500
What is the greatest common divisor of 11776 and 5704?
184
Calculate the greatest common divisor of 120428 and 9724.
748
Calculate the highest common divisor of 102640 and 240.
80
Calculate the highest common factor of 1404 and 124514.
26
Calculate the highest common divisor of 1044 and 669987.
261
Calculate the greatest common divisor of 37136 and 176.
176
Calculate the greatest common factor of 807 and 2352674.
269
What is the highest common divisor of 310 and 912820?
10
Calculate the highest common factor of 162090 and 2010.
30
Calculate the greatest common divisor of 151496 and 24.
8
Calculate the greatest common factor of 1625 and 910.
65
Calculate the greatest common factor of 71800 and 360.
40
What is the highest common factor of 76 and 113544?
76
What is the greatest common divisor of 236006 and 47920?
1198
Calculate the greatest common divisor of 174692 and 7.
7
Calculate the highest common factor of 1905 and 29385.
15
Calculate the highest common factor of 30471 and 42.
21
Calculate the highest common factor of 601637 and 4369.
257
Calculate the highest common factor of 9244530 and 303.
303
What is the highest common factor of 31265 and 1295?
185
Calculate the highest common factor of 3819925 and 10.
5
Calculate the highest common factor of 393005 and 830.
415
What is the highest common divisor of 210 and 1606416?
42
What is the highest common divisor of 72 and 814572?
36
What is the highest common factor of 173160 and 7410?
390
Calculate the highest common factor of 223992 and 6.
6
Calculate the highest common factor of 3280 and 16769.
41
Calculate the highest common factor of 87 and 201